{"id":602,"date":"2022-06-19T02:27:00","date_gmt":"2022-06-19T00:27:00","guid":{"rendered":"https:\/\/pennarprat.fr\/?page_id=602"},"modified":"2022-07-03T00:48:55","modified_gmt":"2022-07-02T22:48:55","slug":"a-velo","status":"publish","type":"page","link":"https:\/\/pennarprat.fr\/?page_id=602","title":{"rendered":"A v\u00e9lo"},"content":{"rendered":"\n<p class=\"has-black-color has-text-color\"><strong>Cette page s&rsquo;enrichira au fur et \u00e0 mesure. Soyez curieux et revenez nous voir!<\/strong><\/p>\n\n\n\n<ul class=\"wp-block-list\"><li><strong>La <a href=\"#v\u00e9lomaritime\">V\u00e9lomaritime<\/a><\/strong><\/li><li><strong>Les <a href=\"#voiesvertes\">Voies vertes<\/a><\/strong><\/li><li><strong>La <a href=\"#v\u00e9lodyss\u00e9e\">V\u00e9lodyss\u00e9e<\/a><\/strong><\/li><li><a href=\"#services\"><strong>Infos et services<\/strong><\/a><\/li><\/ul>\n\n\n\n<h2 class=\"wp-block-heading\" id=\"v\u00e9lomaritime\"><strong>La V\u00e9lomaritime<\/strong><\/h2>\n\n\n\n<p>La <strong>V\u00e9lomaritime <\/strong>(sur les cartes \u00ab\u00a0EV4\u00a0\u00bb pour \u00ab\u00a0EuroVelo #4\u00a0\u00bb) relie la Mer du Nord et la Manche, entre Dunkerque et Roscoff, sur un parcours de 1500 kms.<br>Pour les amateurs de v\u00e9lo, la bonne nouvelle c&rsquo;est qu&rsquo;une partie du trac\u00e9 passe devant chez nous!<br>cf. cartes et <a href=\"https:\/\/www.lavelomaritime.fr\/itineraire\/plougasnou-plestin-les-greves\">parcours cotier sp\u00e9cifique ci-dessous<\/a><\/p>\n\n\n\n<figure class=\"wp-block-image size-full is-style-default\"><img loading=\"lazy\" decoding=\"async\" width=\"750\" height=\"363\" src=\"https:\/\/pennarprat.fr\/wp-content\/uploads\/2022\/06\/2022-06-19-17_41_01-La-Velomaritime_Informations-Socio-Pro2021.jpg\" alt=\"Parcours de la V\u00e9lomaritime, route cyclable de 1500 kms \u00e0 la d\u00e9couverte du littoral entre Roscoff et Dunkerque\" class=\"wp-image-622\" srcset=\"https:\/\/pennarprat.fr\/wp-content\/uploads\/2022\/06\/2022-06-19-17_41_01-La-Velomaritime_Informations-Socio-Pro2021.jpg 750w, https:\/\/pennarprat.fr\/wp-content\/uploads\/2022\/06\/2022-06-19-17_41_01-La-Velomaritime_Informations-Socio-Pro2021-300x145.jpg 300w\" sizes=\"auto, (max-width: 706px) 89vw, (max-width: 767px) 82vw, 740px\" \/><figcaption><strong>le trac\u00e9 g\u00e9n\u00e9ral du parcours Roscoff-Dunkerque<\/strong><\/figcaption><\/figure>\n\n\n\n<figure class=\"wp-block-image size-full\"><img loading=\"lazy\" decoding=\"async\" width=\"706\" height=\"437\" src=\"https:\/\/pennarprat.fr\/wp-content\/uploads\/2022\/06\/2022-06-19-17_53_00-la-velomaritime-eurovelo-4-plougasnou-plestin-les-greves.pdf-Adobe-Acrobat.jpg\" alt=\"\" class=\"wp-image-626\" srcset=\"https:\/\/pennarprat.fr\/wp-content\/uploads\/2022\/06\/2022-06-19-17_53_00-la-velomaritime-eurovelo-4-plougasnou-plestin-les-greves.pdf-Adobe-Acrobat.jpg 706w, https:\/\/pennarprat.fr\/wp-content\/uploads\/2022\/06\/2022-06-19-17_53_00-la-velomaritime-eurovelo-4-plougasnou-plestin-les-greves.pdf-Adobe-Acrobat-300x186.jpg 300w\" sizes=\"auto, (max-width: 706px) 100vw, 706px\" \/><figcaption><strong>le trac\u00e9 du parcours entre Plestin-Les-Gr\u00e8ves et Plougasnou<\/strong><\/figcaption><\/figure>\n\n\n\n<p><a rel=\"noreferrer noopener\" href=\"https:\/\/pennarprat.fr\/wp-content\/uploads\/2022\/06\/la-velomaritime-eurovelo-4-plougasnou-plestin-les-greves.pdf\" target=\"_blank\">t\u00e9l\u00e9chargez ici la fiche pdf de ce trac\u00e9<\/a><br>plus d&rsquo;infos pratiques ici: sur le site de la <a href=\"https:\/\/www.lavelomaritime.fr\/\"><strong>V\u00e9lomaritime<\/strong><\/a><\/p>\n\n\n\n<h2 class=\"wp-block-heading\" id=\"voiesvertes\"><strong>Les voies vertes<\/strong><\/h2>\n\n\n\n<p>Roulez sur cette&nbsp;<strong>Voie Verte<\/strong>&nbsp;am\u00e9nag\u00e9e sur une ancienne&nbsp;voie&nbsp;ferr\u00e9e qui reliait&nbsp;<strong>Morlaix<\/strong>&nbsp;et <strong>Carhaix<\/strong>. Son trac\u00e9 fait partie int\u00e9grante de celui de la <strong>V\u00e9lodyss\u00e9e <\/strong>(EV1).<br>Cette voie verte, class\u00e9e Nature et Patrimoine, relie les c\u00f4tes Nord et Sud du Finist\u00e8re, entre Roscoff et Concarneau, sur un parcours de 147 kms.<\/p>\n\n\n\n<p><\/p>\n\n\n\n<figure class=\"wp-block-image size-full\"><img loading=\"lazy\" decoding=\"async\" width=\"530\" height=\"573\" src=\"https:\/\/pennarprat.fr\/wp-content\/uploads\/2022\/06\/2022-06-19-19_51_47-Voie-7-Bretagne-_-voie-verte-de-Roscoff-a-Concarneau-1.jpg\" alt=\"\" class=\"wp-image-655\" srcset=\"https:\/\/pennarprat.fr\/wp-content\/uploads\/2022\/06\/2022-06-19-19_51_47-Voie-7-Bretagne-_-voie-verte-de-Roscoff-a-Concarneau-1.jpg 530w, https:\/\/pennarprat.fr\/wp-content\/uploads\/2022\/06\/2022-06-19-19_51_47-Voie-7-Bretagne-_-voie-verte-de-Roscoff-a-Concarneau-1-277x300.jpg 277w\" sizes=\"auto, (max-width: 530px) 100vw, 530px\" \/><figcaption><strong>trac\u00e9 Nord-Sud de la voies verte<\/strong><\/figcaption><\/figure>\n\n\n\n<p>Plus d&rsquo;infos pratiques ici: sur le site <strong><a rel=\"noreferrer noopener\" href=\"https:\/\/www.francevelotourisme.com\/itineraire\/roscoff-a-concarneau-voie-7-bretagne\" target=\"_blank\">France V\u00e9lo Tourisme<\/a><\/strong><\/p>\n\n\n\n<h2 class=\"wp-block-heading\" id=\"v\u00e9lodyss\u00e9e\"><strong>La V\u00e9lodyss\u00e9e<\/strong><\/h2>\n\n\n\n<p>1200 km sur la c\u00f4te Atlantique de v\u00e9lotourisme entre Roscoff et Hendaye,<br><strong>dont 70% du parcours sur des routes sans voiture!<\/strong><\/p>\n\n\n\n<figure class=\"wp-block-image size-full\"><img loading=\"lazy\" decoding=\"async\" width=\"643\" height=\"509\" src=\"https:\/\/pennarprat.fr\/wp-content\/uploads\/2022\/06\/2022-06-19-18_21_25-Itineraire-velo-avec-voie-verte-Roscoff_Morlaix-_-La-Velodyssee.jpg\" alt=\"\" class=\"wp-image-635\" srcset=\"https:\/\/pennarprat.fr\/wp-content\/uploads\/2022\/06\/2022-06-19-18_21_25-Itineraire-velo-avec-voie-verte-Roscoff_Morlaix-_-La-Velodyssee.jpg 643w, https:\/\/pennarprat.fr\/wp-content\/uploads\/2022\/06\/2022-06-19-18_21_25-Itineraire-velo-avec-voie-verte-Roscoff_Morlaix-_-La-Velodyssee-300x237.jpg 300w\" sizes=\"auto, (max-width: 643px) 100vw, 643px\" \/><figcaption><strong>le trac\u00e9 entre Morlaix et Roscoff<\/strong><\/figcaption><\/figure>\n\n\n\n<p><a rel=\"noreferrer noopener\" href=\"https:\/\/pennarprat.fr\/wp-content\/uploads\/2022\/06\/la-velodyssee-roscoff-morlaix.pdf\" target=\"_blank\">&gt;t\u00e9l\u00e9chargez ici la fiche pdf de ce trac\u00e9<\/a><br>Plus d&rsquo;infos pratiques ici: sur le site <strong><a rel=\"noreferrer noopener\" href=\"https:\/\/www.francevelotourisme.com\/itineraire\/roscoff-a-concarneau-voie-7-bretagne\" target=\"_blank\">France V\u00e9lo Tourisme<\/a><\/strong><\/p>\n\n\n\n<h2 class=\"wp-block-heading\" id=\"services\"><strong>Infos et services \u00e0 nos amis cyclotouristes<\/strong><\/h2>\n\n\n\n<ul class=\"wp-block-list\"><li><strong>Location <\/strong>de v\u00e9lo et v\u00e9lo \u00e9lectrique? <ul><li>Office du Tourisme de <a href=\"https:\/\/www.sensation-bretagne.com\/activites-sportives\/location-de-velos-bit-plougasnou-plougasnou\/\" target=\"_blank\" rel=\"noreferrer noopener\">Plougasnou <\/a><\/li><li>Office du Tourisme de Locquirec<br><\/li><\/ul><\/li><li>Id\u00e9es de <strong>circuits et itin\u00e9raires<\/strong>?<ul><li>nous sommes nous-m\u00eames cyclistes, donc avec plaisir pour vous conseiller<\/li><li>et il y a aussi les suggestions de circuits du site <a rel=\"noreferrer noopener\" href=\"https:\/\/www.komoot.fr\/guide\/1246293\/itineraires-et-pistes-cyclables-autour-de-plougasnou\" target=\"_blank\">kommot<\/a><ul><li>20km autour de Guima\u00ebc<br><\/li><\/ul><\/li><\/ul><\/li><li>Besoin de <strong>recharger<\/strong>?<ul><li>Tout ce qu&rsquo;il faut est sur place<br><\/li><\/ul><\/li><li>Pour faire <strong>r\u00e9parer<\/strong>?<ul><li>sur place, nous mettons \u00e0 disposition de nos clients le n\u00e9cessaire pour r\u00e9parer en cas de petite panne<\/li><li>et si c&rsquo;est plus s\u00e9rieux, G\u00e9rard Ollier<\/li><\/ul><\/li><\/ul>\n\n\n\n<p><\/p>\n\n\n\n<h2 class=\"wp-block-heading\"><strong>En r\u00e9sum\u00e9&#8230;<\/strong><\/h2>\n\n\n\n<figure class=\"wp-block-image size-full\"><img loading=\"lazy\" decoding=\"async\" width=\"661\" height=\"600\" src=\"https:\/\/pennarprat.fr\/wp-content\/uploads\/2022\/06\/schema-voie-verte.jpg\" alt=\"\" class=\"wp-image-643\" srcset=\"https:\/\/pennarprat.fr\/wp-content\/uploads\/2022\/06\/schema-voie-verte.jpg 661w, https:\/\/pennarprat.fr\/wp-content\/uploads\/2022\/06\/schema-voie-verte-300x272.jpg 300w\" sizes=\"auto, (max-width: 661px) 100vw, 661px\" \/><figcaption><strong>carte de bretagne de voies vertes et de v\u00e9lotourisme<\/strong><\/figcaption><\/figure>\n","protected":false},"excerpt":{"rendered":"<p>Cette page s&rsquo;enrichira au fur et \u00e0 mesure. Soyez curieux et revenez nous voir! La V\u00e9lomaritime Les Voies vertes La V\u00e9lodyss\u00e9e Infos et services La V\u00e9lomaritime La V\u00e9lomaritime (sur les cartes \u00ab\u00a0EV4\u00a0\u00bb pour \u00ab\u00a0EuroVelo #4\u00a0\u00bb) relie la Mer du Nord et la Manche, entre Dunkerque et Roscoff, sur un parcours de 1500 kms.Pour les amateurs &hellip; <\/p>\n<p class=\"link-more\"><a href=\"https:\/\/pennarprat.fr\/?page_id=602\" class=\"more-link\">Continuer la lecture<span class=\"screen-reader-text\"> de &laquo;&nbsp;A v\u00e9lo&nbsp;&raquo;<\/span><\/a><\/p>\n","protected":false},"author":1,"featured_media":0,"parent":0,"menu_order":0,"comment_status":"closed","ping_status":"closed","template":"","meta":{"footnotes":""},"class_list":["post-602","page","type-page","status-publish","hentry"],"_links":{"self":[{"href":"https:\/\/pennarprat.fr\/index.php?rest_route=\/wp\/v2\/pages\/602","targetHints":{"allow":["GET"]}}],"collection":[{"href":"https:\/\/pennarprat.fr\/index.php?rest_route=\/wp\/v2\/pages"}],"about":[{"href":"https:\/\/pennarprat.fr\/index.php?rest_route=\/wp\/v2\/types\/page"}],"author":[{"embeddable":true,"href":"https:\/\/pennarprat.fr\/index.php?rest_route=\/wp\/v2\/users\/1"}],"replies":[{"embeddable":true,"href":"https:\/\/pennarprat.fr\/index.php?rest_route=%2Fwp%2Fv2%2Fcomments&post=602"}],"version-history":[{"count":35,"href":"https:\/\/pennarprat.fr\/index.php?rest_route=\/wp\/v2\/pages\/602\/revisions"}],"predecessor-version":[{"id":936,"href":"https:\/\/pennarprat.fr\/index.php?rest_route=\/wp\/v2\/pages\/602\/revisions\/936"}],"wp:attachment":[{"href":"https:\/\/pennarprat.fr\/index.php?rest_route=%2Fwp%2Fv2%2Fmedia&parent=602"}],"curies":[{"name":"wp","href":"https:\/\/api.w.org\/{rel}","templated":true}]}}