{"id":5,"date":"2022-05-27T17:15:29","date_gmt":"2022-05-27T15:15:29","guid":{"rendered":"http:\/\/pennarprat.fr\/?page_id=5"},"modified":"2023-04-23T22:50:02","modified_gmt":"2023-04-23T20:50:02","slug":"bienvenue","status":"publish","type":"page","link":"https:\/\/pennarprat.fr\/","title":{"rendered":"Bienvenue \u00e0 Penn Ar Prat"},"content":{"rendered":"\n<p>Situ\u00e9 en campagne, au vert et au calme, entre terre et mer, sur la route touristique entre Guimaec et Saint-Jean-Du-Doigt, \u00e0 2 pas des belles plages de sable fin.<\/p>\n\n\n\n<p>Nous vous accueillons dans un cadre pr\u00e9serv\u00e9 et restaur\u00e9 avec soin. En pierre de pays, nous vous proposons 2 gites: un de 50m\u00b2 (pour 3\/4 personnes) et un de 100m\u00b2 (pour 6 personnes).<br>Il est possible de les louer:<br>&#8211; <strong>ind\u00e9pendamment<\/strong>,<br>&#8211; ou en <strong>gite de groupe<\/strong> (jusqu&rsquo;\u00e0 10 pers.) pour les grandes familles en vacances ou les grandes occasions (mariage, cousinades, etc), l&rsquo;organisation d&rsquo;ateliers ou de stages \u00e0 th\u00e8me&#8230;<\/p>\n\n\n\n<p>Les th\u00e8mes de vos vacances ici: culture, gastronomie, randos \u00e0 pied, en v\u00e9lo ou \u00e0 cheval, loisirs, histoire et patrimoine&#8230;<\/p>\n\n\n\n<div class=\"wp-block-buttons is-layout-flex wp-block-buttons-is-layout-flex\">\n<div class=\"wp-block-button\"><a class=\"wp-block-button__link wp-element-button\" href=\"https:\/\/pennarprat.fr\/?page_id=133\">Les gites<\/a><\/div>\n\n\n\n<div class=\"wp-block-button\"><a class=\"wp-block-button__link wp-element-button\" href=\"https:\/\/pennarprat.fr\/?page_id=2\">Tarifs<\/a><\/div>\n<\/div>\n","protected":false},"excerpt":{"rendered":"<p>Situ\u00e9 en campagne, au vert et au calme, entre terre et mer, sur la route touristique entre Guimaec et Saint-Jean-Du-Doigt, \u00e0 2 pas des belles plages de sable fin. Nous vous accueillons dans un cadre pr\u00e9serv\u00e9 et restaur\u00e9 avec soin. En pierre de pays, nous vous proposons 2 gites: un de 50m\u00b2 (pour 3\/4 personnes) &hellip; <\/p>\n<p class=\"link-more\"><a href=\"https:\/\/pennarprat.fr\/\" class=\"more-link\">Continuer la lecture<span class=\"screen-reader-text\"> de &laquo;&nbsp;Bienvenue \u00e0 Penn Ar Prat&nbsp;&raquo;<\/span><\/a><\/p>\n","protected":false},"author":1,"featured_media":309,"parent":0,"menu_order":0,"comment_status":"closed","ping_status":"closed","template":"","meta":{"footnotes":""},"class_list":["post-5","page","type-page","status-publish","has-post-thumbnail","hentry"],"_links":{"self":[{"href":"https:\/\/pennarprat.fr\/index.php?rest_route=\/wp\/v2\/pages\/5","targetHints":{"allow":["GET"]}}],"collection":[{"href":"https:\/\/pennarprat.fr\/index.php?rest_route=\/wp\/v2\/pages"}],"about":[{"href":"https:\/\/pennarprat.fr\/index.php?rest_route=\/wp\/v2\/types\/page"}],"author":[{"embeddable":true,"href":"https:\/\/pennarprat.fr\/index.php?rest_route=\/wp\/v2\/users\/1"}],"replies":[{"embeddable":true,"href":"https:\/\/pennarprat.fr\/index.php?rest_route=%2Fwp%2Fv2%2Fcomments&post=5"}],"version-history":[{"count":37,"href":"https:\/\/pennarprat.fr\/index.php?rest_route=\/wp\/v2\/pages\/5\/revisions"}],"predecessor-version":[{"id":984,"href":"https:\/\/pennarprat.fr\/index.php?rest_route=\/wp\/v2\/pages\/5\/revisions\/984"}],"wp:featuredmedia":[{"embeddable":true,"href":"https:\/\/pennarprat.fr\/index.php?rest_route=\/wp\/v2\/media\/309"}],"wp:attachment":[{"href":"https:\/\/pennarprat.fr\/index.php?rest_route=%2Fwp%2Fv2%2Fmedia&parent=5"}],"curies":[{"name":"wp","href":"https:\/\/api.w.org\/{rel}","templated":true}]}}

Bienvenue à Penn Ar Prat

<p>Situé en campagne, au vert et au calme, entre terre et mer, sur la route touristique entre Guimaec et Saint-Jean-Du-Doigt, à 2 pas des belles plages de sable fin.</p>



<p>Nous vous accueillons dans un cadre préservé et restauré avec soin. En pierre de pays, nous vous proposons 2 gites: un de 50m² (pour 3/4 personnes) et un de 100m² (pour 6 personnes).<br>Il est possible de les louer:<br>&#8211; <strong>indépendamment</strong>,<br>&#8211; ou en <strong>gite de groupe</strong> (jusqu&rsquo;à 10 pers.) pour les grandes familles en vacances ou les grandes occasions (mariage, cousinades, etc), l&rsquo;organisation d&rsquo;ateliers ou de stages à thème&#8230;</p>



<p>Les thèmes de vos vacances ici: culture, gastronomie, randos à pied, en vélo ou à cheval, loisirs, histoire et patrimoine&#8230;</p>



<div class="wp-block-buttons is-layout-flex wp-block-buttons-is-layout-flex">
<div class="wp-block-button"><a class="wp-block-button__link wp-element-button" href="https://pennarprat.fr/?page_id=133">Les gites</a></div>



<div class="wp-block-button"><a class="wp-block-button__link wp-element-button" href="https://pennarprat.fr/?page_id=2">Tarifs</a></div>
</div>

<p>Situé en campagne, au vert et au calme, entre terre et mer, sur la route touristique entre Guimaec et Saint-Jean-Du-Doigt, à 2 pas des belles plages de sable fin. Nous vous accueillons dans un cadre préservé et restauré avec soin. En pierre de pays, nous vous proposons 2 gites: un de 50m² (pour 3/4 personnes) &hellip; </p>
<p class="link-more"><a href="https://pennarprat.fr/" class="more-link">Continuer la lecture<span class="screen-reader-text"> de &laquo;&nbsp;Bienvenue à Penn Ar Prat&nbsp;&raquo;</span></a></p>
