{"id":280,"date":"2022-06-09T20:13:03","date_gmt":"2022-06-09T18:13:03","guid":{"rendered":"https:\/\/pennarprat.fr\/?page_id=280"},"modified":"2024-08-05T15:33:01","modified_gmt":"2024-08-05T13:33:01","slug":"sports","status":"publish","type":"page","link":"https:\/\/pennarprat.fr\/?page_id=280","title":{"rendered":"Sports &#038; Loisirs"},"content":{"rendered":"\n<p class=\"has-medium-font-size\"><strong>Mer<\/strong><\/p>\n\n\n\n<ul style=\"font-size:14px\" class=\"wp-block-list\">\n<li>Pour organiser votre s\u00e9jour au rythme des mar\u00e9es, <strong>t\u00e9l\u00e9chargez le <\/strong><a href=\"https:\/\/www.baiedemorlaix.bzh\/wp-content\/uploads\/2023\/12\/horaires-marees-baie-morlaix-2024.pdf\" data-type=\"URL\" target=\"_blank\" rel=\"noreferrer noopener\">calendrier des mar\u00e9es 2024<\/a><strong> pour la Baie de Morlaix<\/strong><\/li>\n\n\n\n<li><strong>Toutes les plages \u00e0 moins de 10 minutes<\/strong> en voiture du gite:<br>&#8211; <strong>\u00e0 4 minutes en voiture, ou 20 minutes \u00e0 pied: la Plage de Venizella<\/strong> (nom vernaculaire Vilin Izella), dite aussi Plage du Prajou. Prot\u00e9g\u00e9e des vents, c&rsquo;est une petite crique avec une jolie plage de sable fin et quelques rochers majestueux (<a rel=\"noreferrer noopener\" href=\"https:\/\/goo.gl\/maps\/v6ppsqzB5jtX92cZ8\" target=\"_blank\">itin\u00e9raire ici<\/a>)<br>&#8211; \u00e0 5 minutes, la <strong>Plage de Poul Rodou<\/strong> (<a rel=\"noreferrer noopener\" href=\"https:\/\/www.google.com\/maps\/dir\/M%C3%A9tairie+de+Pennanprat,+29620+Guima%C3%ABc\/Plage+de+Poul+Rodou\/@48.6904045,-3.7360285,14z\/data=!3m1!4b1!4m14!4m13!1m5!1m1!1s0x4813d9ca8dce7b9f:0x4e236da3635a8714!2m2!1d-3.7373778!2d48.7005127!1m5!1m1!1s0x4813d79a5a3d20c7:0xe74b47b644e4bc0f!2m2!1d-3.69966!2d48.691802!3e0\" target=\"_blank\">itin\u00e9raire ici<\/a>) et apr\u00e8s la plage, ferez une halte au Caf\u00e9-Librairie Le Caplan<br>&#8211; \u00e0 6 minutes en voiture, la <strong>Plage de Saint-Jean-Du-Doigt\/Plougasnou<\/strong> (<a rel=\"noreferrer noopener\" href=\"https:\/\/goo.gl\/maps\/Ps8iqHzWgPBURYFK6\" target=\"_blank\">itin\u00e9raire ici<\/a>)<br>&#8211; \u00e0 6 minutes en voiture, vers Locquirec, la <strong>Plage du Moulin de la Rive<\/strong> (<a rel=\"noreferrer noopener\" href=\"https:\/\/goo.gl\/maps\/9gmkbD7b8PdcAiQZ8\" target=\"_blank\">itin\u00e9raire ici<\/a>) o\u00f9 vous pourrez aussi surfer, faire du paddle) et un peu plus loin, La <strong>Plage des Sables Blancs<\/strong> (<a rel=\"noreferrer noopener\" href=\"https:\/\/goo.gl\/maps\/44phFPvZTJwquJC29\" target=\"_blank\">itin\u00e9raire ici<\/a>)<br>et puisque c&rsquo;est les vacances, \u00e0 13 minutes vers Plougasnou, la longue <strong>Plage de Primel<\/strong> (<a rel=\"noreferrer noopener\" href=\"https:\/\/goo.gl\/maps\/Ps8iqHzWgPBURYFK6\" target=\"_blank\">itin\u00e9raire ici<\/a>)<\/li>\n\n\n\n<li>au Dourduff-en-Mer, faire des sorties en kayak de mer avec <strong><a rel=\"noreferrer noopener\" href=\"https:\/\/www.baiedemorlaix.bzh\/fr\/activite\/kayak-n-co-en-baie-de-morlaix-ascbre029v50fnpa\/\" target=\"_blank\">Kayak&rsquo;N&rsquo;Co<\/a><\/strong><\/li>\n\n\n\n<li>\u00e0 Terenez ou \u00e0 Locquirec: pratiquer la planche \u00e0 voile, ou r\u00e9viser ses classiques avec un stage \u00e0 l&rsquo;\u00e9cole de voile, <\/li>\n\n\n\n<li>nager en piscine et centres aquatiques de loisirs: \u00e0 l&rsquo;Espace H\u00e9lios\u00e9ane de Plouigneau ou \u00e0 l&rsquo;Espace Aquatique du Pays de Morlaix<\/li>\n\n\n\n<li>se d\u00e9tendre au Spa ou \u00e0 la Thalasso de Roscoff&#8230;<\/li>\n\n\n\n<li>Et toutes les autres id\u00e9es de randos et itin\u00e9raires sont sur le site <a href=\"https:\/\/www.toutcommenceenfinistere.com\/randonnee-finistere\">Tout Commence en Finist\u00e8re<\/a><\/li>\n<\/ul>\n\n\n\n<p class=\"has-medium-font-size\"><strong>Terre<\/strong><\/p>\n\n\n\n<div class=\"wp-block-group\"><div class=\"wp-block-group__inner-container is-layout-flow wp-block-group-is-layout-flow\">\n<ul style=\"font-size:14px\" class=\"wp-block-list\">\n<li>randonner sur des petits sentiers et de grands chemins en bord de mer, campagne, en for\u00eat ou dans les Monts d&rsquo;Arr\u00e9e<\/li>\n\n\n\n<li>faire du v\u00e9lo: plein de petits et grands circuits tout pr\u00e8s (la v\u00e9lomaritime passe devant chez nous! <br>(plus d&rsquo;infos sur la page \u00ab\u00a0A v\u00e9lo\u00a0\u00bb ici)<\/li>\n\n\n\n<li>pratiquer l&rsquo;\u00e9quitation sur place avec votre cheval ou dans l&rsquo;un des centres \u00e9questres du canton<\/li>\n\n\n\n<li>visiter le Mus\u00e9e des Vieux Outils de Guimaec,<\/li>\n\n\n\n<li>plonger dans l&rsquo;histoire \u00e0 l&rsquo;Ecomus\u00e9e \u00e0 Plouigneau (<a href=\"https:\/\/goo.gl\/maps\/GY8p91asdExYjnqE8\" target=\"_blank\" rel=\"noreferrer noopener\">itin\u00e9raire ici<\/a>)<\/li>\n\n\n\n<li>explorer les oc\u00e9ans et les abysses \u00e0 Oc\u00e9anopolis \u00e0 Brest (<a rel=\"noreferrer noopener\" href=\"https:\/\/goo.gl\/maps\/NKEZ7XAEVj1kFwv46\" target=\"_blank\">itin\u00e9raire ici<\/a>)<\/li>\n\n\n\n<li>s&rsquo;\u00e9merveiller devant les immenses statues de granit de la Vall\u00e9e des Saints \u00e0 Quenequillec (<a rel=\"noreferrer noopener\" href=\"https:\/\/goo.gl\/maps\/dA5d5e3nKzMvAAFR6\" target=\"_blank\">itin\u00e9raire ici<\/a>)<\/li>\n<\/ul>\n<\/div><\/div>\n\n\n\n<div class=\"wp-block-columns is-layout-flex wp-container-core-columns-is-layout-9d6595d7 wp-block-columns-is-layout-flex\">\n<div class=\"wp-block-column is-layout-flow wp-block-column-is-layout-flow\" style=\"flex-basis:50%\">\n<pre class=\"wp-block-verse\" style=\"font-size:18px\"><em>Ne rien faire,\nc'est aussi un vrai sport!\nEt c'est bon pour le moral...<\/em><\/pre>\n<\/div>\n\n\n\n<div class=\"wp-block-column is-layout-flow wp-block-column-is-layout-flow\" style=\"flex-basis:50%\">\n<figure class=\"wp-block-image size-large\"><img loading=\"lazy\" decoding=\"async\" width=\"1024\" height=\"576\" src=\"https:\/\/pennarprat.fr\/wp-content\/uploads\/2022\/06\/IMG_20220605_183833-1024x576.jpg\" alt=\"\" class=\"wp-image-482\" srcset=\"https:\/\/pennarprat.fr\/wp-content\/uploads\/2022\/06\/IMG_20220605_183833-1024x576.jpg 1024w, https:\/\/pennarprat.fr\/wp-content\/uploads\/2022\/06\/IMG_20220605_183833-300x169.jpg 300w, https:\/\/pennarprat.fr\/wp-content\/uploads\/2022\/06\/IMG_20220605_183833-768x432.jpg 768w, https:\/\/pennarprat.fr\/wp-content\/uploads\/2022\/06\/IMG_20220605_183833-1536x864.jpg 1536w, https:\/\/pennarprat.fr\/wp-content\/uploads\/2022\/06\/IMG_20220605_183833-2048x1152.jpg 2048w\" sizes=\"auto, (max-width: 706px) 89vw, (max-width: 767px) 82vw, 740px\" \/><\/figure>\n<\/div>\n<\/div>\n","protected":false},"excerpt":{"rendered":"<p>Mer Terre Ne rien faire, c&rsquo;est aussi un vrai sport! Et c&rsquo;est bon pour le moral&#8230;<\/p>\n","protected":false},"author":1,"featured_media":0,"parent":0,"menu_order":0,"comment_status":"closed","ping_status":"closed","template":"","meta":{"footnotes":""},"class_list":["post-280","page","type-page","status-publish","hentry"],"_links":{"self":[{"href":"https:\/\/pennarprat.fr\/index.php?rest_route=\/wp\/v2\/pages\/280","targetHints":{"allow":["GET"]}}],"collection":[{"href":"https:\/\/pennarprat.fr\/index.php?rest_route=\/wp\/v2\/pages"}],"about":[{"href":"https:\/\/pennarprat.fr\/index.php?rest_route=\/wp\/v2\/types\/page"}],"author":[{"embeddable":true,"href":"https:\/\/pennarprat.fr\/index.php?rest_route=\/wp\/v2\/users\/1"}],"replies":[{"embeddable":true,"href":"https:\/\/pennarprat.fr\/index.php?rest_route=%2Fwp%2Fv2%2Fcomments&post=280"}],"version-history":[{"count":31,"href":"https:\/\/pennarprat.fr\/index.php?rest_route=\/wp\/v2\/pages\/280\/revisions"}],"predecessor-version":[{"id":1011,"href":"https:\/\/pennarprat.fr\/index.php?rest_route=\/wp\/v2\/pages\/280\/revisions\/1011"}],"wp:attachment":[{"href":"https:\/\/pennarprat.fr\/index.php?rest_route=%2Fwp%2Fv2%2Fmedia&parent=280"}],"curies":[{"name":"wp","href":"https:\/\/api.w.org\/{rel}","templated":true}]}}

<p class="has-medium-font-size"><strong>Mer</strong></p>



<ul style="font-size:14px" class="wp-block-list">
<li>Pour organiser votre séjour au rythme des marées, <strong>téléchargez le </strong><a href="https://www.baiedemorlaix.bzh/wp-content/uploads/2023/12/horaires-marees-baie-morlaix-2024.pdf" data-type="URL" target="_blank" rel="noreferrer noopener">calendrier des marées 2024</a><strong> pour la Baie de Morlaix</strong></li>



<li><strong>Toutes les plages à moins de 10 minutes</strong> en voiture du gite:<br>&#8211; <strong>à 4 minutes en voiture, ou 20 minutes à pied: la Plage de Venizella</strong> (nom vernaculaire Vilin Izella), dite aussi Plage du Prajou. Protégée des vents, c&rsquo;est une petite crique avec une jolie plage de sable fin et quelques rochers majestueux (<a rel="noreferrer noopener" href="https://goo.gl/maps/v6ppsqzB5jtX92cZ8" target="_blank">itinéraire ici</a>)<br>&#8211; à 5 minutes, la <strong>Plage de Poul Rodou</strong> (<a rel="noreferrer noopener" href="https://www.google.com/maps/dir/M%C3%A9tairie+de+Pennanprat,+29620+Guima%C3%ABc/Plage+de+Poul+Rodou/@48.6904045,-3.7360285,14z/data=!3m1!4b1!4m14!4m13!1m5!1m1!1s0x4813d9ca8dce7b9f:0x4e236da3635a8714!2m2!1d-3.7373778!2d48.7005127!1m5!1m1!1s0x4813d79a5a3d20c7:0xe74b47b644e4bc0f!2m2!1d-3.69966!2d48.691802!3e0" target="_blank">itinéraire ici</a>) et après la plage, ferez une halte au Café-Librairie Le Caplan<br>&#8211; à 6 minutes en voiture, la <strong>Plage de Saint-Jean-Du-Doigt/Plougasnou</strong> (<a rel="noreferrer noopener" href="https://goo.gl/maps/Ps8iqHzWgPBURYFK6" target="_blank">itinéraire ici</a>)<br>&#8211; à 6 minutes en voiture, vers Locquirec, la <strong>Plage du Moulin de la Rive</strong> (<a rel="noreferrer noopener" href="https://goo.gl/maps/9gmkbD7b8PdcAiQZ8" target="_blank">itinéraire ici</a>) où vous pourrez aussi surfer, faire du paddle) et un peu plus loin, La <strong>Plage des Sables Blancs</strong> (<a rel="noreferrer noopener" href="https://goo.gl/maps/44phFPvZTJwquJC29" target="_blank">itinéraire ici</a>)<br>et puisque c&rsquo;est les vacances, à 13 minutes vers Plougasnou, la longue <strong>Plage de Primel</strong> (<a rel="noreferrer noopener" href="https://goo.gl/maps/Ps8iqHzWgPBURYFK6" target="_blank">itinéraire ici</a>)</li>



<li>au Dourduff-en-Mer, faire des sorties en kayak de mer avec <strong><a rel="noreferrer noopener" href="https://www.baiedemorlaix.bzh/fr/activite/kayak-n-co-en-baie-de-morlaix-ascbre029v50fnpa/" target="_blank">Kayak&rsquo;N&rsquo;Co</a></strong></li>



<li>à Terenez ou à Locquirec: pratiquer la planche à voile, ou réviser ses classiques avec un stage à l&rsquo;école de voile, </li>



<li>nager en piscine et centres aquatiques de loisirs: à l&rsquo;Espace Hélioséane de Plouigneau ou à l&rsquo;Espace Aquatique du Pays de Morlaix</li>



<li>se détendre au Spa ou à la Thalasso de Roscoff&#8230;</li>



<li>Et toutes les autres idées de randos et itinéraires sont sur le site <a href="https://www.toutcommenceenfinistere.com/randonnee-finistere">Tout Commence en Finistère</a></li>
</ul>



<p class="has-medium-font-size"><strong>Terre</strong></p>



<div class="wp-block-group"><div class="wp-block-group__inner-container is-layout-flow wp-block-group-is-layout-flow">
<ul style="font-size:14px" class="wp-block-list">
<li>randonner sur des petits sentiers et de grands chemins en bord de mer, campagne, en forêt ou dans les Monts d&rsquo;Arrée</li>



<li>faire du vélo: plein de petits et grands circuits tout près (la vélomaritime passe devant chez nous! <br>(plus d&rsquo;infos sur la page « A vélo » ici)</li>



<li>pratiquer l&rsquo;équitation sur place avec votre cheval ou dans l&rsquo;un des centres équestres du canton</li>



<li>visiter le Musée des Vieux Outils de Guimaec,</li>



<li>plonger dans l&rsquo;histoire à l&rsquo;Ecomusée à Plouigneau (<a href="https://goo.gl/maps/GY8p91asdExYjnqE8" target="_blank" rel="noreferrer noopener">itinéraire ici</a>)</li>



<li>explorer les océans et les abysses à Océanopolis à Brest (<a rel="noreferrer noopener" href="https://goo.gl/maps/NKEZ7XAEVj1kFwv46" target="_blank">itinéraire ici</a>)</li>



<li>s&rsquo;émerveiller devant les immenses statues de granit de la Vallée des Saints à Quenequillec (<a rel="noreferrer noopener" href="https://goo.gl/maps/dA5d5e3nKzMvAAFR6" target="_blank">itinéraire ici</a>)</li>
</ul>
</div></div>



<div class="wp-block-columns is-layout-flex wp-container-core-columns-is-layout-9d6595d7 wp-block-columns-is-layout-flex">
<div class="wp-block-column is-layout-flow wp-block-column-is-layout-flow" style="flex-basis:50%">
<pre class="wp-block-verse" style="font-size:18px"><em>Ne rien faire,
c'est aussi un vrai sport!
Et c'est bon pour le moral...</em></pre>
</div>



<div class="wp-block-column is-layout-flow wp-block-column-is-layout-flow" style="flex-basis:50%">
<figure class="wp-block-image size-large"><img loading="lazy" decoding="async" width="1024" height="576" src="https://pennarprat.fr/wp-content/uploads/2022/06/IMG_20220605_183833-1024x576.jpg" alt="" class="wp-image-482" srcset="https://pennarprat.fr/wp-content/uploads/2022/06/IMG_20220605_183833-1024x576.jpg 1024w, https://pennarprat.fr/wp-content/uploads/2022/06/IMG_20220605_183833-300x169.jpg 300w, https://pennarprat.fr/wp-content/uploads/2022/06/IMG_20220605_183833-768x432.jpg 768w, https://pennarprat.fr/wp-content/uploads/2022/06/IMG_20220605_183833-1536x864.jpg 1536w, https://pennarprat.fr/wp-content/uploads/2022/06/IMG_20220605_183833-2048x1152.jpg 2048w" sizes="auto, (max-width: 706px) 89vw, (max-width: 767px) 82vw, 740px" /></figure>
</div>
</div>
