{"id":259,"date":"2022-06-09T18:40:58","date_gmt":"2022-06-09T16:40:58","guid":{"rendered":"https:\/\/pennarprat.fr\/?page_id=259"},"modified":"2023-05-19T11:08:10","modified_gmt":"2023-05-19T09:08:10","slug":"randonner","status":"publish","type":"page","link":"https:\/\/pennarprat.fr\/?page_id=259","title":{"rendered":"Randonner"},"content":{"rendered":"\n<blockquote class=\"wp-block-quote has-text-align-center is-layout-flow wp-block-quote-is-layout-flow\" style=\"font-style:normal;font-weight:400\">\n<p>\u00ab\u00a0D\u00e9laisse les grandes routes, prends les sentiers.\u00a0\u00bb<br><strong>Pythagore<\/strong><\/p>\n<\/blockquote>\n\n\n\n<p>Bien s\u00fbr, il y a 1000 fa\u00e7ons de randonner&#8230;.<br>A pied, en v\u00e9lo, \u00e0 cheval, en kayak&#8230;<br>Et pourquoi pas des randonn\u00e9es th\u00e9matiques? Artisanat, culture, gastronomie, en chemin vers Saint Jacques de Compostelle sur la voie bretonne.<\/p>\n\n\n\n<p>Chez nous, le GR34 est \u00e0 300 m\u00e8tres \u00e0 vol d&rsquo;oiseau! Et au d\u00e9part du gite, vous pourrez vous r\u00e9galer avec des boucles entre 4 et 18km. <br>Des sentiers de PR et GR passent \u00e0 proximit\u00e9 de chez nous, id\u00e9al pour s&rsquo;abandonner \u00e0 la surprise et la d\u00e9couverte.<br><strong>=> des rando-guides et des cartes IGN sont \u00e0 votre disposition sur place dans les gites.<\/strong><\/p>\n\n\n\n<h2 class=\"wp-block-heading\" style=\"line-height:1\"><strong>Vous cherchez des id\u00e9es de balade?<br><\/strong><\/h2>\n\n\n\n<p>Sur place, nous pourrons vous conseiller des sentiers r\u00e9cemment ouverts, pour partir \u00e0 la d\u00e9couverte d&rsquo;une petite chapelle qui fut longtemps oubli\u00e9e; ou du \u00ab\u00a0Lit de Saint-Jean\u00a0\u00bb (un ancien dolmen, datant du N\u00e9olithique)&#8230;<\/p>\n\n\n\n<p>L&rsquo;<strong>Office du Tourisme de la Baie de Morlaix<\/strong> vous conseille sur sa page:<br><em><a rel=\"noreferrer noopener\" href=\"https:\/\/www.baiedemorlaix.bzh\/fr\/planifier\/les-plus-belles-randos-et-balade-baie-de-morlaix\/\" target=\"_blank\">https:\/\/www.baiedemorlaix.bzh\/fr\/planifier\/les-plus-belles-randos-et-balade-baie-de-morlaix\/ <\/a> <\/em><\/p>\n\n\n\n<p>L&rsquo;<strong>Office de tourisme Cote de Granit Rose <\/strong> d\u00e9die une page aux balades et randonn\u00e9es (p\u00e9destre, \u00e9questre et VTT) ici:<br><a rel=\"noreferrer noopener\" href=\"https:\/\/www.bretagne-cotedegranitrose.com\/mon-sejour\/explorer\/circuits-de-balades-et-randos\/\" target=\"_blank\">https:\/\/www.bretagne-cotedegranitrose.com\/mon-sejour\/explorer\/circuits-de-balades-et-randos\/<\/a><\/p>\n\n\n\n<p>Tout proche, \u00e0 <strong>Plestin-Les-Gr\u00e8ves<\/strong>, une association les <strong>Chemins Plestinais<\/strong> a  balis\u00e9 des boucles de randonn\u00e9es terre-mer dont la <strong>boucle de Saint-Haran<\/strong><br><a href=\"https:\/\/plestin-les-greves.com\/randonnee_saint_haran_plestin_les-greves\/\">https:\/\/plestin-les-greves.com\/randonnee_saint_haran_plestin_les-greves\/<\/a><\/p>\n\n\n\n<p>Sur le portail <strong>Visorando<\/strong>, de multiples parcours sont d\u00e9j\u00e0 balis\u00e9s:<em><br><a rel=\"noreferrer noopener\" href=\"https:\/\/www.visorando.com\/randonnee-guimaec.html\" target=\"_blank\">https:\/\/www.visorando.com\/randonnee-guimaec.html<\/a> <\/em><\/p>\n\n\n\n<p>Nous vous conseillons aussi le portail <strong>Komoot <\/strong>(tr\u00e8s complet aussi!) si vous cherchez des circuits autour de chez nous (les parcours et trac\u00e9s sont r\u00e9alis\u00e9s par les sportifs eux-m\u00eames).<br>&#8211; <a rel=\"noreferrer noopener\" href=\"https:\/\/www.komoot.fr\/guide\/1246341\/randonnees-autour-de-guimaec\" target=\"_blank\"><strong>autour de Guimaec<\/strong><\/a><\/p>\n\n\n\n<p>Le trac\u00e9 de la <strong>voie bretonne<\/strong> vers <strong>Saint Jacques de Compostelle<\/strong> passe par Guimaec!<br>C&rsquo;est la \u00ab\u00a0<strong><a rel=\"noreferrer noopener\" href=\"https:\/\/www.compostelle-bretagne.fr\/index.php\/fr\/guides-et-chemins-bretons-fr\/voie-de-loquirec-ou-mogueriec-fr\" target=\"_blank\">Voie de Locquirec\u00a0\u00bb (Pays de Morlaix)<\/a><\/strong>. Le kilom\u00e8tre 0 se trouve au coint gauche de l&rsquo;all\u00e9e en pierre &#8211; des dalles de schistes noir, (d&rsquo;anciennes pierres tombales grav\u00e9es!) face \u00e0 l&rsquo;\u00e9glise de Locquirec, vous vous rep\u00e8rerez avec la petite statue du p\u00e9lerin en granit avec grav\u00e9s sur son poitrail &#8211; la coquille et le km &lsquo;0&rsquo;.<br><br>Le <a rel=\"noreferrer noopener\" href=\"https:\/\/www.compostelle-bretagne.fr\/index.php\/fr\/\" target=\"_blank\">site de l&rsquo;Association Bretonne<\/a> des Amis de Saint-Jacques de Compostelle vous guide.<br><strong>Nos gites comme point de d\u00e9part pour cette voie, \u00e7a vous tente?<br><\/strong>Le parcours d\u00e9taill\u00e9 &lsquo;B01&rsquo; est <a rel=\"noreferrer noopener\" href=\"https:\/\/www.compostelle-bretagne.fr\/index.php\/fr\/11-toutes-langues\/francais\/del-29\/285-b01\" target=\"_blank\"><strong>l\u00e0<\/strong><\/a>: Locquirec-Morlaix, 31km, 7h45 <\/p>\n","protected":false},"excerpt":{"rendered":"<p>\u00ab\u00a0D\u00e9laisse les grandes routes, prends les sentiers.\u00a0\u00bbPythagore Bien s\u00fbr, il y a 1000 fa\u00e7ons de randonner&#8230;.A pied, en v\u00e9lo, \u00e0 cheval, en kayak&#8230;Et pourquoi pas des randonn\u00e9es th\u00e9matiques? Artisanat, culture, gastronomie, en chemin vers Saint Jacques de Compostelle sur la voie bretonne. Chez nous, le GR34 est \u00e0 300 m\u00e8tres \u00e0 vol d&rsquo;oiseau! Et au &hellip; <\/p>\n<p class=\"link-more\"><a href=\"https:\/\/pennarprat.fr\/?page_id=259\" class=\"more-link\">Continuer la lecture<span class=\"screen-reader-text\"> de &laquo;&nbsp;Randonner&nbsp;&raquo;<\/span><\/a><\/p>\n","protected":false},"author":1,"featured_media":0,"parent":0,"menu_order":0,"comment_status":"closed","ping_status":"closed","template":"","meta":{"footnotes":""},"class_list":["post-259","page","type-page","status-publish","hentry"],"_links":{"self":[{"href":"https:\/\/pennarprat.fr\/index.php?rest_route=\/wp\/v2\/pages\/259","targetHints":{"allow":["GET"]}}],"collection":[{"href":"https:\/\/pennarprat.fr\/index.php?rest_route=\/wp\/v2\/pages"}],"about":[{"href":"https:\/\/pennarprat.fr\/index.php?rest_route=\/wp\/v2\/types\/page"}],"author":[{"embeddable":true,"href":"https:\/\/pennarprat.fr\/index.php?rest_route=\/wp\/v2\/users\/1"}],"replies":[{"embeddable":true,"href":"https:\/\/pennarprat.fr\/index.php?rest_route=%2Fwp%2Fv2%2Fcomments&post=259"}],"version-history":[{"count":28,"href":"https:\/\/pennarprat.fr\/index.php?rest_route=\/wp\/v2\/pages\/259\/revisions"}],"predecessor-version":[{"id":989,"href":"https:\/\/pennarprat.fr\/index.php?rest_route=\/wp\/v2\/pages\/259\/revisions\/989"}],"wp:attachment":[{"href":"https:\/\/pennarprat.fr\/index.php?rest_route=%2Fwp%2Fv2%2Fmedia&parent=259"}],"curies":[{"name":"wp","href":"https:\/\/api.w.org\/{rel}","templated":true}]}}

<blockquote class="wp-block-quote has-text-align-center is-layout-flow wp-block-quote-is-layout-flow" style="font-style:normal;font-weight:400">
<p>« Délaisse les grandes routes, prends les sentiers. »<br><strong>Pythagore</strong></p>
</blockquote>



<p>Bien sûr, il y a 1000 façons de randonner&#8230;.<br>A pied, en vélo, à cheval, en kayak&#8230;<br>Et pourquoi pas des randonnées thématiques? Artisanat, culture, gastronomie, en chemin vers Saint Jacques de Compostelle sur la voie bretonne.</p>



<p>Chez nous, le GR34 est à 300 mètres à vol d&rsquo;oiseau! Et au départ du gite, vous pourrez vous régaler avec des boucles entre 4 et 18km. <br>Des sentiers de PR et GR passent à proximité de chez nous, idéal pour s&rsquo;abandonner à la surprise et la découverte.<br><strong>=> des rando-guides et des cartes IGN sont à votre disposition sur place dans les gites.</strong></p>



<h2 class="wp-block-heading" style="line-height:1"><strong>Vous cherchez des idées de balade?<br></strong></h2>



<p>Sur place, nous pourrons vous conseiller des sentiers récemment ouverts, pour partir à la découverte d&rsquo;une petite chapelle qui fut longtemps oubliée; ou du « Lit de Saint-Jean » (un ancien dolmen, datant du Néolithique)&#8230;</p>



<p>L&rsquo;<strong>Office du Tourisme de la Baie de Morlaix</strong> vous conseille sur sa page:<br><em><a rel="noreferrer noopener" href="https://www.baiedemorlaix.bzh/fr/planifier/les-plus-belles-randos-et-balade-baie-de-morlaix/" target="_blank">https://www.baiedemorlaix.bzh/fr/planifier/les-plus-belles-randos-et-balade-baie-de-morlaix/ </a> </em></p>



<p>L&rsquo;<strong>Office de tourisme Cote de Granit Rose </strong> dédie une page aux balades et randonnées (pédestre, équestre et VTT) ici:<br><a rel="noreferrer noopener" href="https://www.bretagne-cotedegranitrose.com/mon-sejour/explorer/circuits-de-balades-et-randos/" target="_blank">https://www.bretagne-cotedegranitrose.com/mon-sejour/explorer/circuits-de-balades-et-randos/</a></p>



<p>Tout proche, à <strong>Plestin-Les-Grèves</strong>, une association les <strong>Chemins Plestinais</strong> a  balisé des boucles de randonnées terre-mer dont la <strong>boucle de Saint-Haran</strong><br><a href="https://plestin-les-greves.com/randonnee_saint_haran_plestin_les-greves/">https://plestin-les-greves.com/randonnee_saint_haran_plestin_les-greves/</a></p>



<p>Sur le portail <strong>Visorando</strong>, de multiples parcours sont déjà balisés:<em><br><a rel="noreferrer noopener" href="https://www.visorando.com/randonnee-guimaec.html" target="_blank">https://www.visorando.com/randonnee-guimaec.html</a> </em></p>



<p>Nous vous conseillons aussi le portail <strong>Komoot </strong>(très complet aussi!) si vous cherchez des circuits autour de chez nous (les parcours et tracés sont réalisés par les sportifs eux-mêmes).<br>&#8211; <a rel="noreferrer noopener" href="https://www.komoot.fr/guide/1246341/randonnees-autour-de-guimaec" target="_blank"><strong>autour de Guimaec</strong></a></p>



<p>Le tracé de la <strong>voie bretonne</strong> vers <strong>Saint Jacques de Compostelle</strong> passe par Guimaec!<br>C&rsquo;est la « <strong><a rel="noreferrer noopener" href="https://www.compostelle-bretagne.fr/index.php/fr/guides-et-chemins-bretons-fr/voie-de-loquirec-ou-mogueriec-fr" target="_blank">Voie de Locquirec » (Pays de Morlaix)</a></strong>. Le kilomètre 0 se trouve au coint gauche de l&rsquo;allée en pierre &#8211; des dalles de schistes noir, (d&rsquo;anciennes pierres tombales gravées!) face à l&rsquo;église de Locquirec, vous vous repèrerez avec la petite statue du pélerin en granit avec gravés sur son poitrail &#8211; la coquille et le km &lsquo;0&rsquo;.<br><br>Le <a rel="noreferrer noopener" href="https://www.compostelle-bretagne.fr/index.php/fr/" target="_blank">site de l&rsquo;Association Bretonne</a> des Amis de Saint-Jacques de Compostelle vous guide.<br><strong>Nos gites comme point de départ pour cette voie, ça vous tente?<br></strong>Le parcours détaillé &lsquo;B01&rsquo; est <a rel="noreferrer noopener" href="https://www.compostelle-bretagne.fr/index.php/fr/11-toutes-langues/francais/del-29/285-b01" target="_blank"><strong>là</strong></a>: Locquirec-Morlaix, 31km, 7h45 </p>

<p>« Délaisse les grandes routes, prends les sentiers. »Pythagore Bien sûr, il y a 1000 façons de randonner&#8230;.A pied, en vélo, à cheval, en kayak&#8230;Et pourquoi pas des randonnées thématiques? Artisanat, culture, gastronomie, en chemin vers Saint Jacques de Compostelle sur la voie bretonne. Chez nous, le GR34 est à 300 mètres à vol d&rsquo;oiseau! Et au &hellip; </p>
<p class="link-more"><a href="https://pennarprat.fr/?page_id=259" class="more-link">Continuer la lecture<span class="screen-reader-text"> de &laquo;&nbsp;Randonner&nbsp;&raquo;</span></a></p>
