{"id":120,"date":"2022-05-28T00:38:51","date_gmt":"2022-05-27T22:38:51","guid":{"rendered":"https:\/\/pennarprat.fr\/?page_id=120"},"modified":"2022-06-10T08:46:04","modified_gmt":"2022-06-10T06:46:04","slug":"un-peu-dhistoire","status":"publish","type":"page","link":"https:\/\/pennarprat.fr\/?page_id=120","title":{"rendered":"Un peu d&rsquo;histoire"},"content":{"rendered":"\n<p class=\"has-cyan-bluish-gray-background-color has-background\"><strong><em>Passionn\u00e9s par l&rsquo;histoire de ce lieu, et en lien avec la section patrimoine de la commune, les recherches aux archives notariales et en pr\u00e9fecture nous ont permis de retrouver des bribes de l&rsquo;histoire du Manoir de Penamprat, de sa M\u00e9tairie et de sa chapelle. <\/em><\/strong><\/p>\n\n\n\n<figure class=\"wp-block-image is-resized\"><img loading=\"lazy\" decoding=\"async\" src=\"https:\/\/pennarprat.fr\/wp-content\/uploads\/2022\/05\/DESSIN-DE-PENAMPRAT-2.png\" alt=\"\" class=\"wp-image-124\" width=\"673\" height=\"300\" srcset=\"https:\/\/pennarprat.fr\/wp-content\/uploads\/2022\/05\/DESSIN-DE-PENAMPRAT-2.png 723w, https:\/\/pennarprat.fr\/wp-content\/uploads\/2022\/05\/DESSIN-DE-PENAMPRAT-2-300x134.png 300w, https:\/\/pennarprat.fr\/wp-content\/uploads\/2022\/05\/DESSIN-DE-PENAMPRAT-2-421x187.png 421w\" sizes=\"auto, (max-width: 673px) 100vw, 673px\" \/><figcaption><strong>dessin r\u00e9alis\u00e9 en 1909 par Louis Le Guennec (1878-1935) <\/strong><\/figcaption><\/figure>\n\n\n\n<figure class=\"wp-block-gallery has-nested-images columns-default is-cropped wp-block-gallery-1 is-layout-flex wp-block-gallery-is-layout-flex\">\n<figure class=\"wp-block-image size-medium is-style-default\"><img loading=\"lazy\" decoding=\"async\" width=\"229\" height=\"300\" data-id=\"126\" src=\"https:\/\/pennarprat.fr\/wp-content\/uploads\/2022\/05\/Screen-Shot-05-28-22-at-12.35-AM-229x300.jpg\" alt=\"\" class=\"wp-image-126\" srcset=\"https:\/\/pennarprat.fr\/wp-content\/uploads\/2022\/05\/Screen-Shot-05-28-22-at-12.35-AM-229x300.jpg 229w, https:\/\/pennarprat.fr\/wp-content\/uploads\/2022\/05\/Screen-Shot-05-28-22-at-12.35-AM.jpg 512w\" sizes=\"auto, (max-width: 229px) 100vw, 229px\" \/><figcaption>18\u00e8 si\u00e8cle &#8211; cadastre du domaine<\/figcaption><\/figure>\n\n\n\n<figure class=\"wp-block-image size-large\"><img loading=\"lazy\" decoding=\"async\" width=\"1024\" height=\"667\" data-id=\"122\" src=\"https:\/\/pennarprat.fr\/wp-content\/uploads\/2022\/05\/GUI_ChapelleStPaul1-1024x667.jpg\" alt=\"\" class=\"wp-image-122\" srcset=\"https:\/\/pennarprat.fr\/wp-content\/uploads\/2022\/05\/GUI_ChapelleStPaul1-1024x667.jpg 1024w, https:\/\/pennarprat.fr\/wp-content\/uploads\/2022\/05\/GUI_ChapelleStPaul1-300x195.jpg 300w, https:\/\/pennarprat.fr\/wp-content\/uploads\/2022\/05\/GUI_ChapelleStPaul1-768x500.jpg 768w, https:\/\/pennarprat.fr\/wp-content\/uploads\/2022\/05\/GUI_ChapelleStPaul1-1536x1000.jpg 1536w, https:\/\/pennarprat.fr\/wp-content\/uploads\/2022\/05\/GUI_ChapelleStPaul1-2048x1334.jpg 2048w, https:\/\/pennarprat.fr\/wp-content\/uploads\/2022\/05\/GUI_ChapelleStPaul1-421x274.jpg 421w\" sizes=\"auto, (max-width: 706px) 89vw, (max-width: 767px) 82vw, 740px\" \/><figcaption>photo d&rsquo;\u00e9poque<\/figcaption><\/figure>\n\n\n\n<figure class=\"wp-block-image size-medium is-style-default\"><img loading=\"lazy\" decoding=\"async\" width=\"300\" height=\"218\" data-id=\"123\" src=\"https:\/\/pennarprat.fr\/wp-content\/uploads\/2022\/05\/640px-Guimaec_Chapelle_Saint-Pol-Aurelien_Le_Guennec-300x218.jpg\" alt=\"\" class=\"wp-image-123\" srcset=\"https:\/\/pennarprat.fr\/wp-content\/uploads\/2022\/05\/640px-Guimaec_Chapelle_Saint-Pol-Aurelien_Le_Guennec-300x218.jpg 300w, https:\/\/pennarprat.fr\/wp-content\/uploads\/2022\/05\/640px-Guimaec_Chapelle_Saint-Pol-Aurelien_Le_Guennec-413x300.jpg 413w, https:\/\/pennarprat.fr\/wp-content\/uploads\/2022\/05\/640px-Guimaec_Chapelle_Saint-Pol-Aurelien_Le_Guennec.jpg 640w\" sizes=\"auto, (max-width: 300px) 100vw, 300px\" \/><figcaption>croquis \u00e0 la plume de la chapelle <\/figcaption><\/figure>\n\n\n\n<figure class=\"wp-block-image size-large is-style-default\"><img loading=\"lazy\" decoding=\"async\" width=\"1024\" height=\"793\" data-id=\"121\" src=\"https:\/\/pennarprat.fr\/wp-content\/uploads\/2022\/05\/GUI_ChapelleStPaul1896-1024x793.jpg\" alt=\"\" class=\"wp-image-121\" srcset=\"https:\/\/pennarprat.fr\/wp-content\/uploads\/2022\/05\/GUI_ChapelleStPaul1896-1024x793.jpg 1024w, https:\/\/pennarprat.fr\/wp-content\/uploads\/2022\/05\/GUI_ChapelleStPaul1896-300x232.jpg 300w, https:\/\/pennarprat.fr\/wp-content\/uploads\/2022\/05\/GUI_ChapelleStPaul1896-768x595.jpg 768w, https:\/\/pennarprat.fr\/wp-content\/uploads\/2022\/05\/GUI_ChapelleStPaul1896-387x300.jpg 387w, https:\/\/pennarprat.fr\/wp-content\/uploads\/2022\/05\/GUI_ChapelleStPaul1896.jpg 1299w\" sizes=\"auto, (max-width: 706px) 89vw, (max-width: 767px) 82vw, 740px\" \/><figcaption>la chapelle Saint-Pol-Aur\u00e9lien \u00e0 Guimaec, d\u00e9pendait du ch\u00e2teau de&nbsp;<em>Penamprat<\/em>, au XVIII\u00e8me si\u00e8cle<\/figcaption><\/figure>\n<\/figure>\n\n\n\n<p class=\"has-text-align-center\">Cette chapelle est aujourd&rsquo;hui en ruine, mais les alentours sont en cours de nettoyage. Un projet de valorisation et d&rsquo;am\u00e9nagement du site est en cours.<\/p>\n","protected":false},"excerpt":{"rendered":"<p>Passionn\u00e9s par l&rsquo;histoire de ce lieu, et en lien avec la section patrimoine de la commune, les recherches aux archives notariales et en pr\u00e9fecture nous ont permis de retrouver des bribes de l&rsquo;histoire du Manoir de Penamprat, de sa M\u00e9tairie et de sa chapelle. Cette chapelle est aujourd&rsquo;hui en ruine, mais les alentours sont en &hellip; <\/p>\n<p class=\"link-more\"><a href=\"https:\/\/pennarprat.fr\/?page_id=120\" class=\"more-link\">Continuer la lecture<span class=\"screen-reader-text\"> de &laquo;&nbsp;Un peu d&rsquo;histoire&nbsp;&raquo;<\/span><\/a><\/p>\n","protected":false},"author":1,"featured_media":0,"parent":0,"menu_order":0,"comment_status":"closed","ping_status":"closed","template":"","meta":{"footnotes":""},"class_list":["post-120","page","type-page","status-publish","hentry"],"_links":{"self":[{"href":"https:\/\/pennarprat.fr\/index.php?rest_route=\/wp\/v2\/pages\/120","targetHints":{"allow":["GET"]}}],"collection":[{"href":"https:\/\/pennarprat.fr\/index.php?rest_route=\/wp\/v2\/pages"}],"about":[{"href":"https:\/\/pennarprat.fr\/index.php?rest_route=\/wp\/v2\/types\/page"}],"author":[{"embeddable":true,"href":"https:\/\/pennarprat.fr\/index.php?rest_route=\/wp\/v2\/users\/1"}],"replies":[{"embeddable":true,"href":"https:\/\/pennarprat.fr\/index.php?rest_route=%2Fwp%2Fv2%2Fcomments&post=120"}],"version-history":[{"count":19,"href":"https:\/\/pennarprat.fr\/index.php?rest_route=\/wp\/v2\/pages\/120\/revisions"}],"predecessor-version":[{"id":391,"href":"https:\/\/pennarprat.fr\/index.php?rest_route=\/wp\/v2\/pages\/120\/revisions\/391"}],"wp:attachment":[{"href":"https:\/\/pennarprat.fr\/index.php?rest_route=%2Fwp%2Fv2%2Fmedia&parent=120"}],"curies":[{"name":"wp","href":"https:\/\/api.w.org\/{rel}","templated":true}]}}

<p class="has-cyan-bluish-gray-background-color has-background"><strong><em>Passionnés par l&rsquo;histoire de ce lieu, et en lien avec la section patrimoine de la commune, les recherches aux archives notariales et en préfecture nous ont permis de retrouver des bribes de l&rsquo;histoire du Manoir de Penamprat, de sa Métairie et de sa chapelle. </em></strong></p>



<figure class="wp-block-image is-resized"><img loading="lazy" decoding="async" src="https://pennarprat.fr/wp-content/uploads/2022/05/DESSIN-DE-PENAMPRAT-2.png" alt="" class="wp-image-124" width="673" height="300" srcset="https://pennarprat.fr/wp-content/uploads/2022/05/DESSIN-DE-PENAMPRAT-2.png 723w, https://pennarprat.fr/wp-content/uploads/2022/05/DESSIN-DE-PENAMPRAT-2-300x134.png 300w, https://pennarprat.fr/wp-content/uploads/2022/05/DESSIN-DE-PENAMPRAT-2-421x187.png 421w" sizes="auto, (max-width: 673px) 100vw, 673px" /><figcaption><strong>dessin réalisé en 1909 par Louis Le Guennec (1878-1935) </strong></figcaption></figure>



<figure class="wp-block-gallery has-nested-images columns-default is-cropped wp-block-gallery-1 is-layout-flex wp-block-gallery-is-layout-flex">
<figure class="wp-block-image size-medium is-style-default"><img loading="lazy" decoding="async" width="229" height="300" data-id="126" src="https://pennarprat.fr/wp-content/uploads/2022/05/Screen-Shot-05-28-22-at-12.35-AM-229x300.jpg" alt="" class="wp-image-126" srcset="https://pennarprat.fr/wp-content/uploads/2022/05/Screen-Shot-05-28-22-at-12.35-AM-229x300.jpg 229w, https://pennarprat.fr/wp-content/uploads/2022/05/Screen-Shot-05-28-22-at-12.35-AM.jpg 512w" sizes="auto, (max-width: 229px) 100vw, 229px" /><figcaption>18è siècle &#8211; cadastre du domaine</figcaption></figure>



<figure class="wp-block-image size-large"><img loading="lazy" decoding="async" width="1024" height="667" data-id="122" src="https://pennarprat.fr/wp-content/uploads/2022/05/GUI_ChapelleStPaul1-1024x667.jpg" alt="" class="wp-image-122" srcset="https://pennarprat.fr/wp-content/uploads/2022/05/GUI_ChapelleStPaul1-1024x667.jpg 1024w, https://pennarprat.fr/wp-content/uploads/2022/05/GUI_ChapelleStPaul1-300x195.jpg 300w, https://pennarprat.fr/wp-content/uploads/2022/05/GUI_ChapelleStPaul1-768x500.jpg 768w, https://pennarprat.fr/wp-content/uploads/2022/05/GUI_ChapelleStPaul1-1536x1000.jpg 1536w, https://pennarprat.fr/wp-content/uploads/2022/05/GUI_ChapelleStPaul1-2048x1334.jpg 2048w, https://pennarprat.fr/wp-content/uploads/2022/05/GUI_ChapelleStPaul1-421x274.jpg 421w" sizes="auto, (max-width: 706px) 89vw, (max-width: 767px) 82vw, 740px" /><figcaption>photo d&rsquo;époque</figcaption></figure>



<figure class="wp-block-image size-medium is-style-default"><img loading="lazy" decoding="async" width="300" height="218" data-id="123" src="https://pennarprat.fr/wp-content/uploads/2022/05/640px-Guimaec_Chapelle_Saint-Pol-Aurelien_Le_Guennec-300x218.jpg" alt="" class="wp-image-123" srcset="https://pennarprat.fr/wp-content/uploads/2022/05/640px-Guimaec_Chapelle_Saint-Pol-Aurelien_Le_Guennec-300x218.jpg 300w, https://pennarprat.fr/wp-content/uploads/2022/05/640px-Guimaec_Chapelle_Saint-Pol-Aurelien_Le_Guennec-413x300.jpg 413w, https://pennarprat.fr/wp-content/uploads/2022/05/640px-Guimaec_Chapelle_Saint-Pol-Aurelien_Le_Guennec.jpg 640w" sizes="auto, (max-width: 300px) 100vw, 300px" /><figcaption>croquis à la plume de la chapelle </figcaption></figure>



<figure class="wp-block-image size-large is-style-default"><img loading="lazy" decoding="async" width="1024" height="793" data-id="121" src="https://pennarprat.fr/wp-content/uploads/2022/05/GUI_ChapelleStPaul1896-1024x793.jpg" alt="" class="wp-image-121" srcset="https://pennarprat.fr/wp-content/uploads/2022/05/GUI_ChapelleStPaul1896-1024x793.jpg 1024w, https://pennarprat.fr/wp-content/uploads/2022/05/GUI_ChapelleStPaul1896-300x232.jpg 300w, https://pennarprat.fr/wp-content/uploads/2022/05/GUI_ChapelleStPaul1896-768x595.jpg 768w, https://pennarprat.fr/wp-content/uploads/2022/05/GUI_ChapelleStPaul1896-387x300.jpg 387w, https://pennarprat.fr/wp-content/uploads/2022/05/GUI_ChapelleStPaul1896.jpg 1299w" sizes="auto, (max-width: 706px) 89vw, (max-width: 767px) 82vw, 740px" /><figcaption>la chapelle Saint-Pol-Aurélien à Guimaec, dépendait du château de&nbsp;<em>Penamprat</em>, au XVIIIème siècle</figcaption></figure>
</figure>



<p class="has-text-align-center">Cette chapelle est aujourd&rsquo;hui en ruine, mais les alentours sont en cours de nettoyage. Un projet de valorisation et d&rsquo;aménagement du site est en cours.</p>

<p>Passionnés par l&rsquo;histoire de ce lieu, et en lien avec la section patrimoine de la commune, les recherches aux archives notariales et en préfecture nous ont permis de retrouver des bribes de l&rsquo;histoire du Manoir de Penamprat, de sa Métairie et de sa chapelle. Cette chapelle est aujourd&rsquo;hui en ruine, mais les alentours sont en &hellip; </p>
<p class="link-more"><a href="https://pennarprat.fr/?page_id=120" class="more-link">Continuer la lecture<span class="screen-reader-text"> de &laquo;&nbsp;Un peu d&rsquo;histoire&nbsp;&raquo;</span></a></p>
